- -12)?
1
What is -4 + -3 - (2 + -8 - 6)?
5
What is the value of (-2 - (0 + -3)) + 2 + 1?
4
-5 + 14 + (-5 - (11 + -8))
1
What is the value of -14 - -7 - (0 + -6)?
-1
What is the value of 1 + 3 + -1 + 3 + -1?
5
What is -1 - (-3 + -4 + 3)?
3
What is the value of 0 - (2 + -4 + 0 + 2)?
0
Calculate 9 - (7 + (-13 - -4) + 9).
2
What is 10 - ((13 - 10) + 1)?
6
What is the value of 1 + 1 + (-4 - 0 - 1)?
-3
What is (2 - 12) + (-1 - (-12 + 9))?
-8
Calculate -7 + 6 - (0 + -1 + -2).
2
What is the value of -2 + 3 + (-2 - -4) + -2?
1
Evaluate (-14 + -5 - 0) + 6 - -4.
-9
What is the value of 6 - (7 - -5) - (-6 - -2)?
-2
(9 - 11) + 0 + -2
-4
What is (2 - (0 - (2 + -4))) + 4?
4
-7 + 8 + (-2 - -3) - -1
3
What is the value of -5 + (1 - 2 - -3 - 0)?
-3
What is the value of -1 - ((13 - 7) + -10)?
3
-5 + 3 + 2 + 1 + 1
2
Evaluate -12 - ((-10 - 6) + 1).
3
Calculate 4 + -3 - (-1 + 5).
-3
Evaluate 0 + 0 - (-32 + 36).
-4
What is the value of 4 + -4 + 6 + -2?
4
What is the value of -5 + 3 - (1 - (-3 + 3))?
-3
What is -20 + 17 + (1 - 5) + 1?
-6
(14 - 1) + (-9 - 2)
2
Evaluate (11 - (-4 + 8)) + (0 - -1).
8
0 + -1 + (4 - 4 - -2)
1
What is the value of -6 + 3 + -2 - (-11 + 10)?
-4
What is (-15 - -6) + 4 + 1?
-4
What is (3 + -2 - (3 + -4)) + 3?
5
Calculate 9 + 0 - (2 - 0) - 3.
4
25 + -24 + (-2 - 0)
-1
Evaluate 18 + -33 + 0 - (-8 + 1).
-8
What is 10 + -6 - (6 - -4)?
-6
Evaluate -3 + (16 + -6 - 6).
1
Calculate 5 - 0 - (16 + -14).
3
What is the value of -1 + -4 + 2 + 2 + -3?
-4
What is the value of -18 - -15 - (2 + -4 + 0)?
-1
Evaluate -1 - (-1 + 2) - -7.
5
What is 3 + (3 - -5) + -17?
-6
(2 - 7 - (2 - 5)) + 1
-1
Calculate -7 - -3 - (4 + -10).
2
What is 4 - 6 - (5 - 13)?
6
What is the value of -3 - (4 - 8 - (3 - -1))?
5
(0 - 1) + (7 - -2) + -10
-2
Evaluate 9 + (-2 - (10 + -5)).
2
1 + 0 - (-1 - 0 - 2)
4
What is the value of -17 - (-4 - (-15 + 17))?
-11
Evaluate -10 - -16 - (8 - (-4 - -8)).
2
What is the value of -2 - (4 - (0 - -7))?
1
What is the value of -5 + (-9 - -2) + 14?
2
What is -1 + (2 - -2) + -7?
-4
What is the value of -2 + (3 - ((1 - 3) + 3))?
0
What is -3 - 2 - (11 + -17)?
1
-10 + 6 + 15 + -3
8
What is the value of (-1 - 4) + (-20 - -23) + 1?
-1
What is the value of (-29 - -15) + 15 - -1?
2
What is -4 + -2 + 5 - 0 - -3?
2
Calculate -3 + (4 - (-2 + (3 - -5))).
-5
Calculate -2 + (-1 - -2) + 4.
3
What is (0 - -2) + (-7 - 5) + 10?
0
Calculate 9 + -2 + -5 + (-1 - 0).
1
Evaluate 5 + (-4 - -4) + -6.
-1
Calculate -9 + (4 - 3 - -4 - 0).
-4
Evaluate (-3 - -3) + -1 + 7 + -2.
4
What is 13 - 0 - (12 - 1)?
2
What is the value of (-9 - -4) + 10 - (0 - -1)?
4
What is the value of -4 + 1 + 8 + -2?
3
1 + -5 + 5 + 2 + -3
0
What is -10 + 17 + -16 + 7?
-2
What is the value of -11 - -14 - (0 - (-1 + 2))?
4
Evaluate -11 + (3 - -3) - -5.
0
What is 3 + 5 - (-1 + 7)?
2
What is the value of 8 + (4 - (1 - -8)) - 3?
0
Calculate 6 - ((-3 - -7) + (0 - 1)).
3
Calculate (0 - (-3 - -2 - 1)) + 4.
6
What is (3 - 7) + 0 + -2 + 11?
5
-11 - (3 + -7) - -3 - 1
-5
8 + (-3 + -5 - 4) + 11
7
Calculate 6 + (0 - (-7 - -10)).
3
Evaluate 8 + -6 - (7 - -2) - -2.
-5
Evaluate -7 - (-9 - -1) - 6.
-5
Calculate 3 + (-4 - (2 - 4)).
1
What is the value of 0 + 1 - (0 - -1)?
0
What is 1 + (2 - ((-4 - -3) + -1))?
5
Evaluate 5 + (4 + -1 - (5 + -2)).
5
1 + -6 + 3 + 7 + -6
-1
What is (2 - 8) + 1 + -1 + 1?
-5
Evaluate (27 - 37) + (7 - -1).
-2
What is -2 - -10 - 2 - 2?
4
What is the value of (-7 - -8 - 1 - 5) + 5?
0
Evaluate (-1 - -1) + (2 + -7 - -1).
-4
3 - (1 - 5) - (-3 - -5)
5
Calculate -9 + (11 + -22 - -15).
-5
Calculate (-6 - -1) + (1 + -1 - -3).
-2
What is 3 - (6 - -13) - (-9 - -1)?
-8
What is the value of -13 + 7 + 18 - 10?
2
Calculate -2 + -4 - -4 - 3.
-5
What is the value of -5 + (-1 + (5 - -1) - -1)?
1
Calculate (-6 - -3) + (-2 - -4).
-1
(6 - 0) + -9 + 5
2
Calculate -3 - (5 + (-9 - 0)).
1
What is -4 + -3 + (1 - 0)?
-6
Evaluate -4 - -9 - 2 - (1 - -1).
1
What is 4 - (10 - (2 - -8))?
4
-1 - (7 - (3 - 0))
-5
What is the value of (-1 - -1) + (3 - (-7 - -17))?
-7
Calculate 13 + -19 + 7 + -2.
-1
What is the value of 11 + -14 - (-1 + 2)?
-4
Evaluate -3 - (-9 + 0 - -5).
1
-1 - -2 - ((-8 - -3) + 8)
-2
Calculate -7 - ((12 - 8) + -16).
5
Evaluate -22 + (-3 - -11) - -5.
-9
-6 + 4 + (6 - 0)
4
Calculate (1 - (-5 + 0)) + (-595 - -578).
-11
What is the value of 5 + -3 - (-7 + 11)?
-2
-1 - (-1 - (-2 - (-2 + 0)))
0
What is the value of -1 + 4 + -3 - 1?
-1
What is the value of -1 + 2 - (6 + -1)?
-4
What is the value of 2 + -1 - -2 - (-7 + 6)?
4
What is the value of 3 + -4 - 3 - (-1 - 0)?
-3
Evaluate -1 + (-25 - -20) + 3 + -1.
-4
8 + -3 + 0 - 3
2
Evaluate (4 + 0 - (-2 - -3)) + -2.
1
What is -8 + (-2 - -5) + 9?
4
What is 0 + 4 + -4 - -3?
3
-3 + 7 + (-7 - (1 + -3))
-1
Calculate 2 - (0 + 7) - (4 + -1).
-8
(5 - 15) + -1 + 14
3
Calculate -7 + 2 + (-14 - -16).
-3
-1 - ((2 - -5 - 1) + 0)
-7
Evaluate (1 - 1) + -26 + 27.
1
What is the value of -2 - (-1 - (-4 + 3) - 1)?
-1
What is the value of -2 - ((-23 - -7) + 9)?
5
-2 + 0 + 2 + 0 - 4
-4
Calculate 2 + 4 + 1 + -2.
5
-2 + 3 + 4 + 1
6
Evaluate 1 + -4 + 1 - -4.
2
99 - 117 - (-11 + 1)
-8
(-9 - -9) + -3 + 2 + 0
-1
Calculate 3 + -2 - (-7 + 8).
0
Calculate 1 + (-5 + 1 - (-7 + 6)).
-2
Calculate 10 - (-8 - (-24 + 4)).
-2
-2 - (-3 - ((1 - -3) + -9))
-4
Calculate (9 - (-3 + 5)) + -3.
4
What is -6 - (-12 - (4 + -6))?
4
Evaluate 4 + 4 + 6 - 5 - 4.
5
What is 8 + -10 + 7 + -3?
2
Calculate 0 + -5 + 16 + -10.
1
Calculate -9 + 14 + -9 + 0.
-4
What is -3 - (-2 + -6) - 6?
-1
Evaluate 1 - (-4 + (7 - 2) - -2).
-2
-5 - (-16 - (1 - 9) - -9)
-6
What is the value of 0 - (2 - 1) - (13 - 12)?
-2
What is -1 + (-2 + 1 - -7)?
5
Calculate 4 + 15 + -34 + 11.
-4
What is the value of (-9 - (-2 + -13)) + (-3 - 5)?
-2
What is -7 + 12 - -1 - 5?
1
What is the value of (-1 - 7) + (14 - (2 - -5))?
-1
-3 + (10 + 2 + -4 - 4)
1
What is 10 - 5 - (4 + -1)?
2
What is the value of -7 - -4 - (13 - 9)?
-7
Calculate 5 + -2 - (14 - 14).
3
What is 4 - 5 - (-4 - 0)?
3
What is 0 - (-2 - (-6 - (0 + -1)))?
-3
What is the value of (-2 - -3) + -2 + (-13 - -15)?
1
What is the value of 0 + (-3 - -5) - (-2 + 1)?
3
Calculate (-5 - -3) + 4 - -3.
5
-7 + (3 - 5 - -3)
-6
Evaluate 1 - 1 - (10 - (-5 + 10)).
-5
What is the value of -7 + 7 + 6 + -2?
4
What is 9 + 1 + -4 + 2 + -1?
7
6 + -2 + -1 + 0 + -4
-1
Evaluate ((4 - 2) + -1 - 0) + 2.
3
Evaluate (1 + 1 - -2) + -2 - 1.
1
Evaluate -7 - (-7 + 8 - 7).
-1
(2 - 3) + (-2 - -1) - -5
3
Calculate 6 - (15 - (19 - 5)).
5
Calculate 6 + -7 + (-4 - -5).
0
What is the value of 6 + 0 - (7 - (-4 - -12))?
7
What is (-2 - -1) + (-6 - -9) + -7?
-5
What is the value of -9 + (-5 - -9 - (-1 - -1))?
-5
Calculate 3 + (1 - 8) - -9.
5
Calculate 2 + 1 + 0 - (-3 + 1).
5
What is the value of 5 + 3 - (-6 + -1 + 9)?
6
Calculate (-6 - (-10 + 3)) + 5.
6
What is 18 + (12 - 23) - -3?
10
What is the value of 10 - (12 + -4 - -6)?
-4
Calculate -9 - (7 + -3 + -6).
-7
Calculate -7 + -1 - (-171 + 171).
-8
What is the value of -3 + 1 + 2 + 10 + -14?
-4
What is 7 - (3 - (1 + -2))?
3
What is the value of 7 + (-7 - (-16 + 9))?
7
Calculate (1 - (3 - 1) - 1) + 4.
2
What is the value of 24 + -18 - (1 + 10)?
-5
Calculate -6 + (-1 - -2) + (-4 - -5).
-4
What is 6 - (10 + -4 + 5)?
-5
Calculate (-4 - -3) + -2 - (-1 - 2).
0
Evaluate (-1 - -7) + -2 + 3 + -3.
4
What is the value of 4 + 2 + -5 - 4 - 2?
-5
Evaluate (-3 - (3 - 6)) + (7 - 7).
0
Evaluate -5 + (-8 - -24) + -7.
4
What is (-1 - 1) + 13 + 2 + -17?
-4
What is the value of 6 - (-8 - -26) - -6?
-6
Calculate -1 - (-2 + 1) - -5.
5
Evaluate 3 - ((10 - 6) + -9).
8
What is the value of -5 - (-13 - (-10 - -2))?
0
Evaluate 0 + 3 + -4 + -5 + 3.
-3
What is 25 + -24 - (1 - -1)?
-1
What is the value of (2 + -2 - (-1 - 2)) + -4?
-1
5 + -6 + -2 + 0
-3
(-21 + 8 - (-4 + 0)) + -1
-10
Calculate (-6 + 15 - 2) + (0 - 2).
5
10 - (-11 - (11 + -36))
-4
What is the value of 4 + (-3 - 2 - 1)?
-2
Calculate (5 - (9 - 4)) + 1 + -3.
-2
Calculate (5 - (-2 - (-3 + 2))) + -3.
3
-13 - -12 - (5 + -1 - 1)
-4
What is the value of -2 - (-5 - (1 + -3) - 1)?
2
What is the value of (-6 + 7 - (2 - 2)) + -7?
-6
What is -2 - -1 - 2 - (-4 - 2)?
3
-2 + 75 + -75 + 2 + -1
-1
Calculate 2 + (-4 - -5) + -3 + 0.
0
Calculate 15 - 5 - (5 - -1) - -3.
7
1 + -5 + 3 + 5 + -5
-1
0 + -1 + 12 + (-1 - 5)
5
What is (-3 + -1 - (8 + -14)) + 0?
2
-2 + 0 + 8 - 2 - 3
1
Calculate (3 